7
Let d(a) = -34*a - 98. Let o be d(-19). Suppose -640 - o = -4*h. What is the hundreds digit of h?
2
Let p be (((-18)/1)/(-6))/(3/6). Suppose -102 = -c + n, -p*c + n = -4*c - 202. What is the hundreds digit of c?
1
Suppose -s + 2 = -1. Let r(y) = y**2 - 12*y + 29. Let n be r(9). Suppose -z + n*z - 52 = -5*m, s*z - 241 = 2*m. What is the units digit of z?
7
Suppose -2*y - 7 = 2*p - 5*y, 4*y + 6 = -5*p. Let d(n) = -n + 4. Let q be d(p). Suppose -10 = -q*b + 44. What is the units digit of b?
9
Let s(m) = -37*m**3 - 45*m**2 + 88. Let w(n) = -13*n**3 - 15*n**2 + 29. Let a(j) = 6*s(j) - 17*w(j). What is the thousands digit of a(-18)?
1
Let g(d) = -d**2 - 14*d + 1. Let p be g(-14). Suppose 0 = -h + 5*w + 37, -2*w - p = 1. What is the tens digit of h?
3
Let t(p) = 46*p**2 - 156*p - 3507. What is the tens digit of t(-22)?
8
Let o(y) = 2*y - 101 + 3*y**2 + 123 - 2*y**3 - 55. What is the hundreds digit of o(-7)?
7
Suppose 3*d + 4*f - 58142 = 0, 0 = -75*d + 78*d - 2*f - 58184. What is the thousands digit of d?
9
Let n(y) = y**3 - 7*y**2 + 5*y + 6. Let t be n(6). Let q be (-4 + 152/24)*(t - 18). Let j = q + 69. What is the tens digit of j?
2
Suppose 5*t = 5*m + 31925, -50*m + 53*m + 25541 = 4*t. What is the hundreds digit of t?
3
Let l = -128 - -113. Let k = l + 15. Suppose k = -4*r + 6*r - 26. What is the units digit of r?
3
Let a(k) = 4*k**2 - 116*k + 608. What is the units digit of a(41)?
6
Suppose 27 = -g - 4*t, -4*g - 2*t = 3*t + 130. Let n be 4/(-5) - 2198/g. Let a = 86 - n. What is the tens digit of a?
2
Let w(h) be the third derivative of h**6/120 - 2*h**5/15 - 11*h**4/24 + 47*h**3/6 - h**2 - 9*h. What is the tens digit of w(9)?
2
Suppose 2*m - 2*s - 52 = 0, -5*m + 177 = -2*s + 35. What is the tens digit of (1820/m - 4)/(4/6)?
8
Suppose -515*l - 712128 = -539*l. What is the hundreds digit of l?
6
Suppose 2*s - 4*s + 12 = -5*t, -5*s + 3*t + 68 = 0. Suppose -s*y = -15*y - 67. What is the tens digit of y?
6
Suppose 0 = -4*y + 2*n - 3093 + 17687, -y = n - 3641. What is the thousands digit of y?
3
Let q = -368 + 387. Suppose 2*s - z - 1759 = 0, 16*s + 2616 = q*s + 3*z. What is the tens digit of s?
7
Let z(y) = 9*y**2 - 7*y - 18. Let b(r) = -4*r + 55. Let i be b(15). What is the units digit of z(i)?
2
Let g(a) = a**3 + 17*a**2 + 15*a - 15. Let d(v) = v + 21. Let i be d(-34). What is the tens digit of g(i)?
6
Let v = -82615 - -138471. What is the units digit of v?
6
Let w = -554 + 722. Let u = 315 - w. What is the tens digit of u?
4
Let s = -122 + -157. Let k = s - -426. What is the units digit of k?
7
Let c = 21501 + -14537. What is the hundreds digit of c?
9
Suppose -4*m - 74 = -2*h, 0 = -4*h - 5*m + 58 + 77. Suppose 21*a = h*a - 11578. What is the hundreds digit of a?
8
Let g be (-16)/(-6) - (16/(-6))/8. Let x = g - -27. Let b = x + -3. What is the units digit of b?
7
Let k(a) = a**2 + 15*a + 63. Let q be k(-6). Suppose 4*b + 6 = -2. Let i = b + q. What is the units digit of i?
7
Let z(n) = 3*n. Let h be z(0). Suppose 2*k - 2*j + 158 = h, j = 5*k - 3*j + 398. Let d = k + 275. What is the units digit of d?
3
Let g = 589 + -307. Suppose g*b + 288 = 288*b. What is the units digit of b?
8
Let y be 0*6*(-3)/(-72)*1. Suppose -6*r = -4530 - y. What is the hundreds digit of r?
7
Let c be ((-4)/(-8))/(1/(-2)) + -3. Let n be -3*(33/(-9) - c) + 78. Suppose -n = 6*u - 671. What is the units digit of u?
9
Suppose 0 = -2*r - 2, 0*c - c + 77 = 4*r. Let d be (-2)/4 + c/18. Suppose 0 = 3*v - d*t - 234, 3*v - 86 = 2*v + 4*t. What is the tens digit of v?
7
Let o(q) = q**2 + 3*q + 40. Let h = -63 + 55. What is the units digit of o(h)?
0
Let m = 481 - 478. Suppose -2*x - 1370 = -m*v, x + 1825 = 3*v + v. What is the units digit of v?
6
Suppose -484 + 1914 = -11*t. Let x = 167 + t. What is the units digit of x?
7
Let n be (-3)/(-12) - 1806/(-8). Suppose 0 = -2*k - 2*i + 552 + 26, -2*k = i - 578. Suppose -5*a + k = -n. What is the units digit of a?
3
Let k(b) = 2*b**2 + 5*b + 2. Suppose 15*d - 18 = 18*d. Let n(u) = -u**2 - 2*u + 19. Let o be n(d). What is the units digit of k(o)?
7
Suppose 12*h + h - 25856 + 441 = 0. What is the tens digit of h?
5
Let x(r) = r**3 + 17*r**2 - 4*r - 27. Suppose 10*p = -0*p - 60. Let q(c) = -c**3 - 6*c**2 + c - 11. Let f be q(p). What is the tens digit of x(f)?
4
Let k be -11 + 3/(-2)*(-9 + 7). Let l be 10/k - 34/(-8). Suppose -2*b + c + 285 = 0, -b - 2*b + l*c + 429 = 0. What is the hundreds digit of b?
1
Let u(k) be the second derivative of 1/12*k**4 - 1/6*k**3 + 11*k**2 - k - 1. What is the tens digit of u(-11)?
5
Let r(n) = -3*n - 22. Let d be r(-9). Let s be -11 + d + 4 + 489/3. Let b = s - -137. What is the units digit of b?
8
Let g(b) = -b**3 + 2*b**2 + 18*b - 13. Let r be g(7). What is the units digit of (1 - 168)/(44/r)?
1
What is the units digit of 466625/75 - 2*5/15?
1
Suppose o + 2*v - 9100 = 7704, 4*o + 5*v = 67213. What is the ten thousands digit of o?
1
Let y(r) = -r**3 + 17*r**2 - 31*r - 29. Let n be y(13). Suppose 4*a + 2*z - 494 = 0, a + a - 2*z - n = 0. What is the tens digit of a?
2
Suppose -4 = -2*m, -2*i - 2*i = -2*m + 20. Let a be (6/4)/(375/96 + i). Let j = a - -95. What is the tens digit of j?
7
Let w(l) be the first derivative of 31*l**3/3 + 22*l**2 + 9*l - 124. What is the tens digit of w(-6)?
6
Let m(o) = -o**2 + 1. Let g be m(0). Suppose 15 = -l - 3*d, -l + g = -2*l + 4*d. What is the units digit of (-16)/6*l/4?
6
What is the hundreds digit of (230 - (4 - 0))/(2/16)?
8
Let v(a) = 15*a + 787. What is the tens digit of v(-18)?
1
Suppose 4*d - g = 10, -d + 5*g = 3*d - 2. Suppose -3*b = d*l - b - 794, -5*b + 256 = l. What is the units digit of l?
6
What is the units digit of -1 + 1 + 2 + (49248/6 - 7)?
3
Let j = -3183 + 6333. Suppose -8*k + 1674 = -j. What is the hundreds digit of k?
6
Let k = 37 - 22. Suppose 3*f + k = 27. Suppose 3*z - f*b = 33, -z - 4*b - 55 = -6*z. What is the units digit of z?
1
Let w be ((-91)/(-26) - 2)/((-6)/(-2504)). Let n = w + -432. What is the tens digit of n?
9
Let k(b) = 24*b + 2. Suppose 0 = 2*u - 4*f - 8, -u - f + 2*f = 0. Let c be -4 + 11 + u + 1. What is the tens digit of k(c)?
9
Let b(j) = j**2 + 40*j + 5. Let i be b(-25). Let c = i + 662. What is the tens digit of c?
9
Let c(w) = -23*w - 15. Suppose 0*k = 3*y - 5*k + 19, 4*y = 5*k - 17. Suppose -y*o + 4*o + 10 = 0. What is the hundreds digit of c(o)?
1
Suppose 3*z + 0 + 1 = -4*o, -o = z. Let a(t) = t**3 + t**2 + t + 2. What is the units digit of a(o)?
1
Let t = -11292 + 19027. What is the tens digit of t?
3
Let x = -5587 - -14436. What is the units digit of x?
9
Let t(a) = -13*a**3 + 6*a**2 + 6*a + 27. Let l be t(-6). Suppose 5*y - l = -5*m + 140, 5*m + 3*y - 3165 = 0. What is the tens digit of m?
3
Suppose -14*w = -17*w - 15. Let n be (-9)/(w - (-6)/3). Suppose 0 = 3*s - n*o - 492, 3*s - 490 - 2 = -o. What is the tens digit of s?
6
Let y(w) = 11*w**2 + 15*w + 19. Let l be y(9). Let i = -542 + l. What is the tens digit of i?
0
Let i(x) = -x**2 - x + 238. Let v be i(0). Suppose -243*n + v*n = -3415. What is the tens digit of n?
8
Let i = 4512 + -3201. What is the tens digit of i?
1
Let d(w) = 470*w**3 - w**2 - 10*w + 20. Let j be d(2). Suppose -5*n + 4686 = -4*b, -5*b = -2*n - 2*n + j. What is the tens digit of n?
3
Let n = -11 + 17. Let t(o) = 13 + o**2 + 6*o - 21*o + 10*o + 3*o. What is the tens digit of t(n)?
3
Let l = 17 - 13. Let q be 12/l + ((-2)/(-2))/(-1). Suppose 0 = -5*b + 4*z - 72 + 290, -q*z = -4*b + 178. What is the tens digit of b?
4
Let d = 11203 - 7200. Suppose -19*p + 4 = -17*p, 5*t = p + d. What is the hundreds digit of t?
8
Suppose 13087 + 32543 = 10*h. What is the tens digit of h?
6
Suppose -5*m = -4*f - 33, -m - 5*f + 1 = 6. Suppose -2*c = -m*k - 576 - 327, -2205 = -5*c + 2*k. What is the tens digit of c?
3
Suppose 5*f + 2*p + 4256 = 0, -1651 = 2*f + 5*p + 43. What is the tens digit of ((-7)/21)/(2/f)?
4
Let b = 235 - 230. Suppose 6*s + 286 = 3*m + 5*s, b*m + 2*s = 462. What is the units digit of m?
4
Let w = -2187 + 5370. What is the hundreds digit of w?
1
Suppose 0 = 37*c - 33*c - 5*k - 166282, -4*c + 4*k = -166276. What is the thousands digit of c?
1
Let j(g) = -2951*g - 331. What is the units digit of j(-3)?
2
Let f(i) = -2*i**2 - 3 + i**3 - 2*i**2 + 6*i + 3*i**2. Let z be f(8). Suppose 4*r + 2*w - 479 + 